{"id":2225,"date":"2022-04-18T11:31:43","date_gmt":"2022-04-18T11:31:43","guid":{"rendered":"http:\/\/www.gestcat.cat\/?page_id=2225"},"modified":"2026-03-31T13:28:25","modified_gmt":"2026-03-31T13:28:25","slug":"qui-som-2","status":"publish","type":"page","link":"http:\/\/www.gestcat.cat\/?page_id=2225","title":{"rendered":"Qui som"},"content":{"rendered":"<p>[vc_row][vc_column width=&#8221;1\/3&#8243;][vc_text_separator title=&#8221;Junta Directiva&#8221; i_icon_fontawesome=&#8221;fa fa-sitemap&#8221; i_color=&#8221;custom&#8221; title_align=&#8221;separator_align_left&#8221; color=&#8221;custom&#8221; add_icon=&#8221;true&#8221; accent_color=&#8221;#8c1212&#8243; i_custom_color=&#8221;#8c1212&#8243;][vc_column_text]<strong>President<\/strong>:<br \/>\nSr. Josep Maria Sala Rovira<\/p>\n<p><strong>Vice-President<\/strong>:<br \/>\nSr. Manel Villaplana Rocasalbes<\/p>\n<p><strong>Secretari<\/strong>:<br \/>\nSr. Josep Cayuelas Fornell<\/p>\n<p><strong>Tresorer<\/strong>:<br \/>\nSr. Pere Font Bosch<\/p>\n<p><strong>Vocals<\/strong>:<br \/>\nSra. M\u00aa Rosa Ballar\u00e0 Ferrer<br \/>\nSr. Llu\u00eds Font Berenguer<br \/>\nSr. Antoni Garc\u00e9s Plana<br \/>\nSra. Montserrat Morros Masachs<br \/>\nSr. Josep Pujol Palau[\/vc_column_text][vc_text_separator title=&#8221;\u00c0rees de treball&#8221; i_icon_fontawesome=&#8221;fa fa-briefcase&#8221; i_color=&#8221;custom&#8221; title_align=&#8221;separator_align_left&#8221; color=&#8221;custom&#8221; add_icon=&#8221;true&#8221; accent_color=&#8221;#8c1212&#8243; i_custom_color=&#8221;#8c1212&#8243;][vc_column_text]<\/p>\n<p style=\"margin-top: 0cm; background: white;\"><b><span style=\"font-size: 10.5pt; font-family: 'Open Sans',sans-serif; color: #777777;\">Relacions amb el territori:<br \/>\n<\/span><\/b><span style=\"font-size: 10.5pt; font-family: 'Open Sans',sans-serif; color: #777777;\">Josep Sinca Cura<br \/>\n<\/span><\/p>\n<p style=\"background: white;\"><b><span style=\"font-size: 10.5pt; font-family: 'Open Sans',sans-serif; color: #777777;\">Organitzaci\u00f3 interna i economia:<br \/>\n<\/span><\/b><span style=\"font-size: 10.5pt; font-family: 'Open Sans',sans-serif; color: #777777;\">Josep Cayuelas Fornell<br \/>\nPere Font Bosch<\/span><\/p>\n<p style=\"margin-bottom: 0cm; background: white;\"><b><span style=\"font-size: 10.5pt; font-family: 'Open Sans',sans-serif; color: #777777;\">Comunicaci\u00f3 i M\u00e0rqueting:<\/span><\/b><span style=\"font-size: 10.5pt; font-family: 'Open Sans',sans-serif; color: #777777;\"><br \/>\nManel Villaplana Rocasalbes<\/span><\/p>\n<p>[\/vc_column_text][\/vc_column][vc_column width=&#8221;1\/3&#8243;][vc_text_separator title=&#8221;Membres de l&#8217;Associaci\u00f3&#8221; i_icon_fontawesome=&#8221;fa fa-users&#8221; i_color=&#8221;custom&#8221; title_align=&#8221;separator_align_left&#8221; color=&#8221;custom&#8221; add_icon=&#8221;true&#8221; accent_color=&#8221;#8c1212&#8243; i_custom_color=&#8221;#8c1212&#8243;][vc_column_text]Jes\u00fas Alonso S\u00e1inz<br \/>\nJordi Arpa Escud\u00e9<br \/>\nRosa Ballar\u00e0 Ferrer<br \/>\nGl\u00f2ria Ball\u00fas Cas\u00f2liva<br \/>\nMiquel Blanch Ferrarons<br \/>\nCarme Botifoll Alegre<br \/>\nDom\u00e8nec Casasayas Serra<br \/>\nJosep Cayuelas Fornell<br \/>\nJoan Maria Estany Altarriba<br \/>\nLlu\u00eds Font Berenguer<br \/>\nPere Font Bosch<br \/>\nAntoni Garc\u00e9s Plana<br \/>\nAgust\u00ed Garriga Caro<br \/>\nJosep Maria Marcos Bruguera<br \/>\nMontserrat Morros Masachs<br \/>\nEnric Pint\u00f3 Perramon<br \/>\nRamon Pi\u00f1ol Alferez<br \/>\nAssumpta Pla Pi<br \/>\nCarles Planes Vilaseca<br \/>\nJosep Pujol Palau<br \/>\nJosep Ribera Ferrer<br \/>\nMerc\u00e8 Rosich Vilar\u00f3<br \/>\nJosep Maria Sala Rovira<br \/>\nMiquel Salles Costa<br \/>\nJosep Maria Sarrate Daurella<br \/>\nJosep Sinca Cura<br \/>\nJaume Torruella Masana<br \/>\nLlu\u00eds V\u00e0zquez S\u00e0iz<br \/>\nManel Vila Calsina<br \/>\nJoan Vilanova Lleonart<br \/>\nManel Villaplana Rocasalbes[\/vc_column_text][\/vc_column][vc_column width=&#8221;1\/3&#8243;][media image=&#8221;2234&#8243;][media image=&#8221;1988&#8243;][\/vc_column][\/vc_row][vc_row][vc_column][vc_text_separator title=&#8221;Nova incorporaci\u00f3 a Gest!&#8221; i_icon_fontawesome=&#8221;fa fa-user&#8221; i_color=&#8221;custom&#8221; title_align=&#8221;separator_align_left&#8221; color=&#8221;custom&#8221; add_icon=&#8221;true&#8221; accent_color=&#8221;#8c1212&#8243; i_custom_color=&#8221;#8c1212&#8243;][vc_column_text]En la reuni\u00f3 de grup de Gest! del passat 19\/2\/2026, es va aprovar l\u2019alta com nou membre de<br \/>\nl\u2019associaci\u00f3, del Sr. Josep Ribera Ferrer.<br \/>\nEl Sr.Ribera, recentment jubilat, es advocat i ha desenvolupat la seva carrera professional en<br \/>\ndiferents camps, destacant la seva tasca com secretari general durant 20 anys de la Cambra de<br \/>\nComer\u00e7 de Manresa i els 9 darrers anys com a responsable d\u2019administraci\u00f3, RRHH i secretari<br \/>\nde la Fundaci\u00f3 Convent de Santa Clara de Manresa.[\/vc_column_text][\/vc_column][\/vc_row][vc_row][vc_column][block_title title=&#8221;LA NOSTRA IDENTITAT CORPORATIVA&#8221;][\/block_title][\/vc_column][\/vc_row][vc_row][vc_column][media animation=&#8221;none&#8221; image=&#8221;2252&#8243;][block_title title=&#8221;MEM\u00d2RIES&#8221;][\/block_title][vc_column_text]<\/p>\n<p>I am text block. Click edit button to change this text. Lorem ipsum dolor sit amet, consectetur adipiscing elit. Ut elit tellus, luctus nec ullamcorper mattis, pulvinar dapibus leo.<\/p>\n<p>[\/vc_column_text][button title=&#8221;MEM\u00d2RIA 2024&#8243; link=&#8221;https:\/\/drive.google.com\/file\/d\/1rzyzeGseNCF8WBSdewfyFaN4nyOuhKFt\/view?usp=sharing&#8221; new_tab=&#8221;yes&#8221; icon=&#8221;steadysets-icon-files&#8221; align=&#8221;center&#8221;][vc_text_separator title=&#8221;Mem\u00f2ries d&#8217;exercicis anteriors&#8221; i_icon_fontawesome=&#8221;fa fa-file-pdf-o&#8221; i_color=&#8221;custom&#8221; add_icon=&#8221;true&#8221; i_custom_color=&#8221;#8c1212&#8243;][vc_row_inner][vc_column_inner width=&#8221;1\/3&#8243;][button title=&#8221;MEM\u00d2RIA 2023&#8243; link=&#8221;https:\/\/drive.google.com\/file\/d\/1ldLCapA9XNEEUmKySlAhglMv-GbJQxSC\/view?usp=sharing&#8221; new_tab=&#8221;yes&#8221; icon=&#8221;steadysets-icon-files&#8221; align=&#8221;center&#8221;][\/vc_column_inner][vc_column_inner width=&#8221;1\/3&#8243;][button title=&#8221;MEM\u00d2RIA 2022&#8243; link=&#8221;https:\/\/drive.google.com\/file\/d\/1KrfeMZAv8o8c1ekH0tWdYQMkJ4tBaFS1\/view?usp=sharing&#8221; new_tab=&#8221;yes&#8221; icon=&#8221;steadysets-icon-files&#8221; align=&#8221;center&#8221;][\/vc_column_inner][vc_column_inner width=&#8221;1\/3&#8243;][button title=&#8221;Mem\u00f2ria 2021&#8243; link=&#8221;https:\/\/drive.google.com\/file\/d\/1UY_V_gNtioodDUnCiw5Y-SbIgewf_I_P\/view?usp=sharing&#8221; new_tab=&#8221;yes&#8221; icon=&#8221;steadysets-icon-files&#8221; align=&#8221;center&#8221;][\/vc_column_inner][\/vc_row_inner][\/vc_column][\/vc_row][vc_row][vc_column width=&#8221;1\/3&#8243;][button title=&#8221;MEM\u00d2RIA 2020&#8243; link=&#8221;https:\/\/drive.google.com\/file\/d\/1yZ65KJ8G69mRi7ifqSB5SXQC2nsovvm6\/view?usp=sharing _blank&#8221; new_tab=&#8221;yes&#8221; icon=&#8221;steadysets-icon-files&#8221; align=&#8221;center&#8221;][\/vc_column][vc_column width=&#8221;1\/3&#8243;][button title=&#8221;MEM\u00d2RIA 2019&#8243; link=&#8221;https:\/\/drive.google.com\/file\/d\/1q0YrzBUx20xvZ0DHPooFS_-9oxXSkvoj\/view?usp=sharing&#8221; new_tab=&#8221;yes&#8221; icon=&#8221;steadysets-icon-files&#8221; align=&#8221;center&#8221;][\/vc_column][vc_column width=&#8221;1\/3&#8243;][button title=&#8221;MEM\u00d2RIA 2018&#8243; link=&#8221;https:\/\/drive.google.com\/file\/d\/1cvaJzLDaPDTswCEgkbNhzg70zZKO27lI\/view?usp=sharing&#8221; new_tab=&#8221;yes&#8221; icon=&#8221;steadysets-icon-files&#8221; align=&#8221;center&#8221;][\/vc_column][\/vc_row]<\/p>\n","protected":false},"excerpt":{"rendered":"<p>[vc_row][vc_column width=&#8221;1\/3&#8243;][vc_text_separator title=&#8221;Junta Directiva&#8221; i_icon_fontawesome=&#8221;fa fa-sitemap&#8221; i_color=&#8221;custom&#8221; title_align=&#8221;separator_align_left&#8221; color=&#8221;custom&#8221; add_icon=&#8221;true&#8221; accent_color=&#8221;#8c1212&#8243; i_custom_color=&#8221;#8c1212&#8243;][vc_column_text]President: Sr. Josep Maria Sala Rovira Vice-President: Sr. Manel Villaplana Rocasalbes Secretari: Sr. Josep Cayuelas Fornell Tresorer: Sr. Pere Font Bosch Vocals: Sra. M\u00aa Rosa Ballar\u00e0 Ferrer Sr. Llu\u00eds Font Berenguer Sr. Antoni Garc\u00e9s Plana Sra. Montserrat Morros Masachs Sr. Josep Pujol Palau[\/vc_column_text][vc_text_separator title=&#8221;\u00c0rees [&hellip;]<\/p>\n","protected":false},"author":1,"featured_media":0,"parent":0,"menu_order":0,"comment_status":"closed","ping_status":"closed","template":"","meta":[],"_links":{"self":[{"href":"http:\/\/www.gestcat.cat\/index.php?rest_route=\/wp\/v2\/pages\/2225"}],"collection":[{"href":"http:\/\/www.gestcat.cat\/index.php?rest_route=\/wp\/v2\/pages"}],"about":[{"href":"http:\/\/www.gestcat.cat\/index.php?rest_route=\/wp\/v2\/types\/page"}],"author":[{"embeddable":true,"href":"http:\/\/www.gestcat.cat\/index.php?rest_route=\/wp\/v2\/users\/1"}],"replies":[{"embeddable":true,"href":"http:\/\/www.gestcat.cat\/index.php?rest_route=%2Fwp%2Fv2%2Fcomments&post=2225"}],"version-history":[{"count":89,"href":"http:\/\/www.gestcat.cat\/index.php?rest_route=\/wp\/v2\/pages\/2225\/revisions"}],"predecessor-version":[{"id":3874,"href":"http:\/\/www.gestcat.cat\/index.php?rest_route=\/wp\/v2\/pages\/2225\/revisions\/3874"}],"wp:attachment":[{"href":"http:\/\/www.gestcat.cat\/index.php?rest_route=%2Fwp%2Fv2%2Fmedia&parent=2225"}],"curies":[{"name":"wp","href":"https:\/\/api.w.org\/{rel}","templated":true}]}}

<p>[vc_row][vc_column width=&#8221;1/3&#8243;][vc_text_separator title=&#8221;Junta Directiva&#8221; i_icon_fontawesome=&#8221;fa fa-sitemap&#8221; i_color=&#8221;custom&#8221; title_align=&#8221;separator_align_left&#8221; color=&#8221;custom&#8221; add_icon=&#8221;true&#8221; accent_color=&#8221;#8c1212&#8243; i_custom_color=&#8221;#8c1212&#8243;][vc_column_text]<strong>President</strong>:<br />
Sr. Josep Maria Sala Rovira</p>
<p><strong>Vice-President</strong>:<br />
Sr. Manel Villaplana Rocasalbes</p>
<p><strong>Secretari</strong>:<br />
Sr. Josep Cayuelas Fornell</p>
<p><strong>Tresorer</strong>:<br />
Sr. Pere Font Bosch</p>
<p><strong>Vocals</strong>:<br />
Sra. Mª Rosa Ballarà Ferrer<br />
Sr. Lluís Font Berenguer<br />
Sr. Antoni Garcés Plana<br />
Sra. Montserrat Morros Masachs<br />
Sr. Josep Pujol Palau[/vc_column_text][vc_text_separator title=&#8221;Àrees de treball&#8221; i_icon_fontawesome=&#8221;fa fa-briefcase&#8221; i_color=&#8221;custom&#8221; title_align=&#8221;separator_align_left&#8221; color=&#8221;custom&#8221; add_icon=&#8221;true&#8221; accent_color=&#8221;#8c1212&#8243; i_custom_color=&#8221;#8c1212&#8243;][vc_column_text]</p>
<p style="margin-top: 0cm; background: white;"><b><span style="font-size: 10.5pt; font-family: 'Open Sans',sans-serif; color: #777777;">Relacions amb el territori:<br />
</span></b><span style="font-size: 10.5pt; font-family: 'Open Sans',sans-serif; color: #777777;">Josep Sinca Cura<br />
</span></p>
<p style="background: white;"><b><span style="font-size: 10.5pt; font-family: 'Open Sans',sans-serif; color: #777777;">Organització interna i economia:<br />
</span></b><span style="font-size: 10.5pt; font-family: 'Open Sans',sans-serif; color: #777777;">Josep Cayuelas Fornell<br />
Pere Font Bosch</span></p>
<p style="margin-bottom: 0cm; background: white;"><b><span style="font-size: 10.5pt; font-family: 'Open Sans',sans-serif; color: #777777;">Comunicació i Màrqueting:</span></b><span style="font-size: 10.5pt; font-family: 'Open Sans',sans-serif; color: #777777;"><br />
Manel Villaplana Rocasalbes</span></p>
<p>[/vc_column_text][/vc_column][vc_column width=&#8221;1/3&#8243;][vc_text_separator title=&#8221;Membres de l&#8217;Associació&#8221; i_icon_fontawesome=&#8221;fa fa-users&#8221; i_color=&#8221;custom&#8221; title_align=&#8221;separator_align_left&#8221; color=&#8221;custom&#8221; add_icon=&#8221;true&#8221; accent_color=&#8221;#8c1212&#8243; i_custom_color=&#8221;#8c1212&#8243;][vc_column_text]Jesús Alonso Sáinz<br />
Jordi Arpa Escudé<br />
Rosa Ballarà Ferrer<br />
Glòria Ballús Casòliva<br />
Miquel Blanch Ferrarons<br />
Carme Botifoll Alegre<br />
Domènec Casasayas Serra<br />
Josep Cayuelas Fornell<br />
Joan Maria Estany Altarriba<br />
Lluís Font Berenguer<br />
Pere Font Bosch<br />
Antoni Garcés Plana<br />
Agustí Garriga Caro<br />
Josep Maria Marcos Bruguera<br />
Montserrat Morros Masachs<br />
Enric Pintó Perramon<br />
Ramon Piñol Alferez<br />
Assumpta Pla Pi<br />
Carles Planes Vilaseca<br />
Josep Pujol Palau<br />
Josep Ribera Ferrer<br />
Mercè Rosich Vilaró<br />
Josep Maria Sala Rovira<br />
Miquel Salles Costa<br />
Josep Maria Sarrate Daurella<br />
Josep Sinca Cura<br />
Jaume Torruella Masana<br />
Lluís Vàzquez Sàiz<br />
Manel Vila Calsina<br />
Joan Vilanova Lleonart<br />
Manel Villaplana Rocasalbes[/vc_column_text][/vc_column][vc_column width=&#8221;1/3&#8243;][media image=&#8221;2234&#8243;][media image=&#8221;1988&#8243;][/vc_column][/vc_row][vc_row][vc_column][vc_text_separator title=&#8221;Nova incorporació a Gest!&#8221; i_icon_fontawesome=&#8221;fa fa-user&#8221; i_color=&#8221;custom&#8221; title_align=&#8221;separator_align_left&#8221; color=&#8221;custom&#8221; add_icon=&#8221;true&#8221; accent_color=&#8221;#8c1212&#8243; i_custom_color=&#8221;#8c1212&#8243;][vc_column_text]En la reunió de grup de Gest! del passat 19/2/2026, es va aprovar l’alta com nou membre de<br />
l’associació, del Sr. Josep Ribera Ferrer.<br />
El Sr.Ribera, recentment jubilat, es advocat i ha desenvolupat la seva carrera professional en<br />
diferents camps, destacant la seva tasca com secretari general durant 20 anys de la Cambra de<br />
Comerç de Manresa i els 9 darrers anys com a responsable d’administració, RRHH i secretari<br />
de la Fundació Convent de Santa Clara de Manresa.[/vc_column_text][/vc_column][/vc_row][vc_row][vc_column][block_title title=&#8221;LA NOSTRA IDENTITAT CORPORATIVA&#8221;][/block_title][/vc_column][/vc_row][vc_row][vc_column][media animation=&#8221;none&#8221; image=&#8221;2252&#8243;][block_title title=&#8221;MEMÒRIES&#8221;][/block_title][vc_column_text]</p>
<p>I am text block. Click edit button to change this text. Lorem ipsum dolor sit amet, consectetur adipiscing elit. Ut elit tellus, luctus nec ullamcorper mattis, pulvinar dapibus leo.</p>
<p>[/vc_column_text][button title=&#8221;MEMÒRIA 2024&#8243; link=&#8221;https://drive.google.com/file/d/1rzyzeGseNCF8WBSdewfyFaN4nyOuhKFt/view?usp=sharing&#8221; new_tab=&#8221;yes&#8221; icon=&#8221;steadysets-icon-files&#8221; align=&#8221;center&#8221;][vc_text_separator title=&#8221;Memòries d&#8217;exercicis anteriors&#8221; i_icon_fontawesome=&#8221;fa fa-file-pdf-o&#8221; i_color=&#8221;custom&#8221; add_icon=&#8221;true&#8221; i_custom_color=&#8221;#8c1212&#8243;][vc_row_inner][vc_column_inner width=&#8221;1/3&#8243;][button title=&#8221;MEMÒRIA 2023&#8243; link=&#8221;https://drive.google.com/file/d/1ldLCapA9XNEEUmKySlAhglMv-GbJQxSC/view?usp=sharing&#8221; new_tab=&#8221;yes&#8221; icon=&#8221;steadysets-icon-files&#8221; align=&#8221;center&#8221;][/vc_column_inner][vc_column_inner width=&#8221;1/3&#8243;][button title=&#8221;MEMÒRIA 2022&#8243; link=&#8221;https://drive.google.com/file/d/1KrfeMZAv8o8c1ekH0tWdYQMkJ4tBaFS1/view?usp=sharing&#8221; new_tab=&#8221;yes&#8221; icon=&#8221;steadysets-icon-files&#8221; align=&#8221;center&#8221;][/vc_column_inner][vc_column_inner width=&#8221;1/3&#8243;][button title=&#8221;Memòria 2021&#8243; link=&#8221;https://drive.google.com/file/d/1UY_V_gNtioodDUnCiw5Y-SbIgewf_I_P/view?usp=sharing&#8221; new_tab=&#8221;yes&#8221; icon=&#8221;steadysets-icon-files&#8221; align=&#8221;center&#8221;][/vc_column_inner][/vc_row_inner][/vc_column][/vc_row][vc_row][vc_column width=&#8221;1/3&#8243;][button title=&#8221;MEMÒRIA 2020&#8243; link=&#8221;https://drive.google.com/file/d/1yZ65KJ8G69mRi7ifqSB5SXQC2nsovvm6/view?usp=sharing _blank&#8221; new_tab=&#8221;yes&#8221; icon=&#8221;steadysets-icon-files&#8221; align=&#8221;center&#8221;][/vc_column][vc_column width=&#8221;1/3&#8243;][button title=&#8221;MEMÒRIA 2019&#8243; link=&#8221;https://drive.google.com/file/d/1q0YrzBUx20xvZ0DHPooFS_-9oxXSkvoj/view?usp=sharing&#8221; new_tab=&#8221;yes&#8221; icon=&#8221;steadysets-icon-files&#8221; align=&#8221;center&#8221;][/vc_column][vc_column width=&#8221;1/3&#8243;][button title=&#8221;MEMÒRIA 2018&#8243; link=&#8221;https://drive.google.com/file/d/1cvaJzLDaPDTswCEgkbNhzg70zZKO27lI/view?usp=sharing&#8221; new_tab=&#8221;yes&#8221; icon=&#8221;steadysets-icon-files&#8221; align=&#8221;center&#8221;][/vc_column][/vc_row]</p>

<p>[vc_row][vc_column width=&#8221;1/3&#8243;][vc_text_separator title=&#8221;Junta Directiva&#8221; i_icon_fontawesome=&#8221;fa fa-sitemap&#8221; i_color=&#8221;custom&#8221; title_align=&#8221;separator_align_left&#8221; color=&#8221;custom&#8221; add_icon=&#8221;true&#8221; accent_color=&#8221;#8c1212&#8243; i_custom_color=&#8221;#8c1212&#8243;][vc_column_text]President: Sr. Josep Maria Sala Rovira Vice-President: Sr. Manel Villaplana Rocasalbes Secretari: Sr. Josep Cayuelas Fornell Tresorer: Sr. Pere Font Bosch Vocals: Sra. Mª Rosa Ballarà Ferrer Sr. Lluís Font Berenguer Sr. Antoni Garcés Plana Sra. Montserrat Morros Masachs Sr. Josep Pujol Palau[/vc_column_text][vc_text_separator title=&#8221;Àrees [&hellip;]</p>
